 What is the hundreds digit of o?
6
Suppose 0 = -3*n + 667 - 34. Suppose -5*k = -n + 31. What is the units digit of k?
6
Let m(l) = 516*l**2 + 9*l. What is the hundreds digit of m(-1)?
5
Let w be (-1)/(-4) - 26/8. Let x be (24/8)/(-1 + 2). What is the units digit of x + (w - 0) + 2?
2
Let b be 104/6 - (-1)/(-3). Let r = -20 + b. What is the units digit of 32 + 4*3/r?
8
Suppose 5*m = -5, -2 = 4*a - m - 87. Suppose 3*l + 57 = 3*p - 66, -165 = -4*p + 5*l. Let w = p - a. What is the units digit of w?
9
Let b(x) = -x**3 - 5*x**2 - 4*x - 23. Let y = 91 - 97. What is the units digit of b(y)?
7
Let s(i) = i**3 + i**2 + 92. Let u be (-12)/18 - 2/(-3). What is the units digit of s(u)?
2
Let g = 690 + -582. What is the tens digit of g?
0
Suppose 0 = -15*y + 10627 + 15668. What is the thousands digit of y?
1
Let c(x) = 2*x + 21. Let u be c(-9). Suppose 0 = 5*v - 0 - 10, 0 = 5*m - 4*v + u. What is the tens digit of (4 - 12)*-8*m?
6
Let w(f) = -12*f - 37. Let c be w(-4). Suppose 1435 = 5*n - 5*u, -c*n - 2*u = -10*n - 275. What is the units digit of n?
3
Let n be (-6)/(-21) - 24/(-14). Let v = n + 0. Suppose -v*o = 2*o - 28. What is the units digit of o?
7
Let j(n) = 17*n**2 + 11*n + 21. Suppose -o - 6*b + b + 16 = 0, -2*b + 28 = -5*o. What is the units digit of j(o)?
9
Let c(k) = -k**2 + 8*k + 10. Let s be c(9). Let f be (s*2)/((-6)/9). Let j = 5 + f. What is the units digit of j?
2
Let q(j) = j**3 + 8*j**2 - 8*j + 11. Let r be (4/(-6))/((-22)/(-297)). Let n be q(r). Suppose n*b + 6 - 76 = 0. What is the units digit of b?
5
Suppose 118 = 5*c + 28. Let m(w) = w + 25. What is the tens digit of m(c)?
4
What is the hundreds digit of (-21)/42*(2 + -1166)?
5
Suppose 3*g + o = 7, -2*o + 6 = -g - 4*o. Suppose -1 - 3 = -2*f + 2*r, -2*f + 4 = g*r. Let p = 12 - f. What is the units digit of p?
0
Suppose 8 = 2*a, a = 3*y - a - 7. Suppose y*h = -4*t + 121, -t = 2*h - 13 - 15. What is the tens digit of t?
3
Let z be (8/12)/((-2)/(-15)). Suppose -2*l - 10 = -2*w, -23 = -10*w + z*w + 3*l. Suppose n = 2*n + w*p - 22, 2*n + p = 16. What is the units digit of n?
6
Suppose 0 = -4*p - 5*h + 2253, 4*p - 127*h - 2265 = -128*h. What is the units digit of p?
7
Let s = 1 - -4. Suppose -s*k = 4*c + 61 - 168, -2*k = 2. What is the tens digit of (-1)/2 - (-994)/c?
3
Let m be (-27)/6*6/9. Let v(u) = -2*u**3 - u**2. Let p be v(m). Suppose -3*q = -0*q - p. What is the units digit of q?
5
Let q(d) = 4*d**2 + 2*d. Let l be q(-3). What is the units digit of l/45*(14 - -1)?
0
Suppose 0 = -48*m + 31*m + 19839. What is the hundreds digit of m?
1
Let l = -1734 - -3326. What is the hundreds digit of l?
5
Let t = 65 + -107. What is the units digit of 56/t*(-177)/4?
9
Let r(w) = -2*w**3 + 42*w**2 + 46*w - 63. What is the hundreds digit of r(20)?
6
Suppose -5*g = -15 - 0. Suppose -n + 88 = g. What is the units digit of n?
5
Let a be (-4)/(-6) + 52/12. Let y be (4/10)/(1/a). Suppose -151 = -5*c + 2*q, -5*q + y*q = 4*c - 130. What is the units digit of c?
1
What is the units digit of (-6*(-48)/(-20))/(2/(-20))?
4
Let r be 2 + 2 + -2 + 2. Suppose n - u = 0, -u = 3*n + r*u - 24. Suppose -2*x = -x - 5, 3*v + n*x = 63. What is the units digit of v?
6
Let g = -747 - -2103. What is the units digit of g?
6
Suppose 0 = -0*a - 3*a - n + 5916, -a + 1972 = -n. What is the units digit of a?
2
Let m(c) = 2*c**2 - c - 3. Let i = 8 + -12. Let y be m(i). Let g = y + -1. What is the units digit of g?
2
Let m = 882 - 571. What is the units digit of m?
1
Let q = -76 - -242. Let d = q + -80. What is the tens digit of d?
8
Suppose -6*n - 96 = 84. Let y be 4/(-10) - 282/n. Suppose 105 = y*i - 30. What is the tens digit of i?
1
Suppose -3 - 17 = -4*j. Suppose 762 - 37 = j*t. What is the tens digit of t?
4
Let k(o) = 28*o**2 + 7*o - 4. What is the units digit of k(3)?
9
What is the units digit of 25/(-10) - 1038/(-4)?
7
Suppose 2713 - 249 = 11*t. What is the units digit of t?
4
Let z = -11 - 0. Let m = z - -13. What is the units digit of (25/20)/(m/8)?
5
Suppose 6*h - 3432 = -6*h. What is the tens digit of h?
8
Let h = -2223 - -3364. What is the thousands digit of h?
1
Let l = 52 - 50. Suppose -3*i + 30 = -5*b, 0*i - 4*b - l = 2*i. What is the units digit of i?
5
Suppose 0 = 11*m - 2971 - 241. Suppose -14*z = -10*z - m. What is the tens digit of z?
7
What is the tens digit of (-2)/11 + 121584/187 + -12?
3
Suppose f = -j + 60, 4*j - 7*j = -f + 48. Let q = 0 + 0. Let d = q + f. What is the units digit of d?
7
Let l(g) = -g**3 - 2*g**2 + 5. Let f be l(0). Suppose -f*j + 283 = -462. What is the units digit of j?
9
Let r be 0*(-4)/(-16) - 70. Let d = r + 122. What is the tens digit of d?
5
Suppose 804 = 5*f - 2*f. Let s = f - 171. What is the tens digit of s?
9
Suppose -2*b = 2 - 6. Let x(u) = 8*u**b + 13*u**2 - 6 - u - 11*u**2 + u**3. What is the units digit of x(-10)?
4
Suppose 93*g - 89*g = 760. What is the units digit of g?
0
Let v(l) = -l**3 - 2*l**2 + 5*l + 14. Let g be v(-2). Suppose b - 3*s = 219, g*b - 1041 = -b - 3*s. What is the tens digit of b?
1
Let k = 411 - 285. What is the tens digit of k?
2
Let y(o) = o - 33. Let w(p) = -2*p + 33. Let g(m) = -6*w(m) - 7*y(m). What is the units digit of g(15)?
8
Let o = -13 - -9. Suppose 0 = -3*k - 2*s + 454, -3*s + 4*s = -k + 151. What is the tens digit of ((-2)/o)/(4/k)?
1
Let k(r) = 3 + 12*r - 9 - 2*r. Let y be (-3 - 1) + (71 - 64). What is the units digit of k(y)?
4
Let u be (3 - 48/(-27)) + (-10)/(-45). Suppose 167 = u*r - 453. What is the units digit of r?
4
Suppose 0*h - 5*h + 305 = 0. Let u = 0 + h. What is the tens digit of u?
6
Let f(g) = g**2 + 9*g + 2. Let l be f(-9). Let n = -7 + 10. Suppose -n*o + d + 75 = 0, l*d = o + 16 - 46. What is the tens digit of o?
2
Let v(a) = 14*a + 339. What is the tens digit of v(0)?
3
Let s = -9 - -6. What is the units digit of 2 + (-5 - s) + 63?
3
Suppose 0 = -r - 2*p + 593, 0*p = -3*r + 3*p + 1824. What is the hundreds digit of r?
6
Let y(h) be the third derivative of -h**4/24 + 9*h**3/2 - 3*h**2. Let p be y(12). Let a = 14 + p. What is the tens digit of a?
2
Let x = 15 + -11. Suppose x*w = -20 + 16. What is the tens digit of -4*(54/(-8) - w)?
2
Suppose -230 = -8*u + 1938. What is the hundreds digit of u?
2
Let q be (-1321)/5 - 5/(-25). Suppose 6 = -s + 11. What is the tens digit of q/(-10) - 2/s?
2
Let f(t) = 2*t**2 + 30*t - 14. Let w be f(-21). Let a = 364 - w. What is the tens digit of a?
2
Let k(g) = g**2 + 3*g - 5. Let t be 5 - 1 - 18/2. Let b be k(t). Let h(f) = 5*f - 7. What is the tens digit of h(b)?
1
Let x be (448/(-70))/((-2)/145). Let q = 677 - x. What is the hundreds digit of q?
2
Suppose 0 = -10*b + 9*b + 71. Suppose 0 = -h + b - 29. What is the units digit of h?
2
Let s = 17 + -30. Let p = s - -17. Suppose j = p*d - 0*j - 187, -5 = -j. What is the units digit of d?
8
Let d(w) = -w**2 - 12*w + 3. Let f = -21 + 12. Let x be d(f). Suppose 5*j - 2*s = 138, 2*j - j - x = s. What is the tens digit of j?
2
Let y = 252 - -844. What is the hundreds digit of y?
0
Let l(g) = -17*g + 2. Let o be l(-5). Suppose 5*c + 465 = 4*h, o = 2*h - 2*c - 145. What is the units digit of h?
5
Let h(i) = -16*i + 13 - 5 + 18*i. Let l be h(2). What is the units digit of (14/4)/(l/120)?
5
Let g(t) = -t + 1. Let b(o) = o**2 + 4*o + 3. Let i(a) = b(a) + g(a). Let h be i(-3). Suppose 3*u = 2*j + 57, 3*u - h*j - 30 = u. What is the tens digit of u?
2
Let z(h) = 7*h**3 - 2*h + 4. What is the units digit of z(2)?
6
Let n = 565 - 449. What is the hundreds digit of n?
1
Let g(d) = -7*d**3 + 2*d - 10. Let r(j) = 6*j**3 - j + 9. Let w(c) = 5*g(c) + 6*r(c). Let k = 9 - 6. What is the units digit of w(k)?
3
Suppose -10*c = 18*c - 56028. What is the units digit of c?
1
Let k(p) = -13*p**3 - p**2 + 27*p + 4. What is the tens digit of k(-6)?
1
Let z = 15 - 11. Let g be (-4)/10 + 204/60. Suppose -g*h + z = -80. What is the units digit of h?
8
Let i(o) = o**3 + 16*o**2 + 10*o - 8. Let c be i(-15). Suppose 3*x + c = 796. What is the hundreds digit of x?
2
Let l be 1 + 2 + 509 + 3. Suppose -3*z - 2*z = -5*q - l, -2*q - 312 = -3*z. Let b = -48 + z. What is the tens digit of b?
5
Let g = -1592 - -3518. What is the units digit of g?
6
What is the tens digit of (-2 - 2853/(-6)) + 9/18?
7
Suppose 8713 = 11*k - 4729. What is the hundreds digit of k?
2
Let i(h) = 2*h**2 